[INFO] cloning repository https://github.com/sriney-staked/st-test
[INFO] running `Command { std: "git" "-c" "credential.helper=" "-c" "credential.helper=/workspace/cargo-home/bin/git-credential-null" "clone" "--bare" "https://github.com/sriney-staked/st-test" "/workspace/cache/git-repos/https%3A%2F%2Fgithub.com%2Fsriney-staked%2Fst-test", kill_on_drop: false }`
[INFO] [stderr] Cloning into bare repository '/workspace/cache/git-repos/https%3A%2F%2Fgithub.com%2Fsriney-staked%2Fst-test'...
[INFO] running `Command { std: "git" "rev-parse" "HEAD", kill_on_drop: false }`
[INFO] [stdout] 5635cfca69d87a15a5318427f3ad2d6f7da93afa
[INFO] checking sriney-staked/st-test against try#72f88fc4e9458f89516a0b8b0868f3718aec5b47 for pr-74989
[INFO] running `Command { std: "git" "clone" "/workspace/cache/git-repos/https%3A%2F%2Fgithub.com%2Fsriney-staked%2Fst-test" "/workspace/builds/worker-3/source", kill_on_drop: false }`
[INFO] [stderr] Cloning into '/workspace/builds/worker-3/source'...
[INFO] [stderr] done.
[INFO] validating manifest of git repo https://github.com/sriney-staked/st-test on toolchain 72f88fc4e9458f89516a0b8b0868f3718aec5b47
[INFO] running `Command { std: "/workspace/cargo-home/bin/cargo" "+72f88fc4e9458f89516a0b8b0868f3718aec5b47" "read-manifest" "--manifest-path" "Cargo.toml", kill_on_drop: false }`
[INFO] removed /workspace/builds/worker-3/source/.cargo/config
[INFO] started tweaking git repo https://github.com/sriney-staked/st-test
[INFO] finished tweaking git repo https://github.com/sriney-staked/st-test
[INFO] tweaked toml for git repo https://github.com/sriney-staked/st-test written to /workspace/builds/worker-3/source/Cargo.toml
[INFO] crate git repo https://github.com/sriney-staked/st-test already has a lockfile, it will not be regenerated
[INFO] running `Command { std: "/workspace/cargo-home/bin/cargo" "+72f88fc4e9458f89516a0b8b0868f3718aec5b47" "fetch" "--locked" "--manifest-path" "Cargo.toml", kill_on_drop: false }`
[INFO] running `Command { std: "docker" "create" "-v" "/var/lib/crater-agent-workspace/builds/worker-3/target:/opt/rustwide/target:rw,Z" "-v" "/var/lib/crater-agent-workspace/builds/worker-3/source:/opt/rustwide/workdir:ro,Z" "-v" "/var/lib/crater-agent-workspace/cargo-home:/opt/rustwide/cargo-home:ro,Z" "-v" "/var/lib/crater-agent-workspace/rustup-home:/opt/rustwide/rustup-home:ro,Z" "-e" "SOURCE_DIR=/opt/rustwide/workdir" "-e" "CARGO_TARGET_DIR=/opt/rustwide/target" "-e" "CARGO_HOME=/opt/rustwide/cargo-home" "-e" "RUSTUP_HOME=/opt/rustwide/rustup-home" "-w" "/opt/rustwide/workdir" "-m" "1610612736" "--user" "0:0" "--network" "none" "rustops/crates-build-env@sha256:d92eaeed33fa75130ca1ee6c8a01d1ffb62bac859dfdfb3450e3e5d1c0146529" "/opt/rustwide/cargo-home/bin/cargo" "+72f88fc4e9458f89516a0b8b0868f3718aec5b47" "metadata" "--no-deps" "--format-version=1", kill_on_drop: false }`
[INFO] [stdout] d45b7ea0bb7593eb096bff13045cf7fb91ea0c3f73961c129f42c7c3bf04136e
[INFO] [stderr] WARNING: Your kernel does not support swap limit capabilities or the cgroup is not mounted. Memory limited without swap.
[INFO] running `Command { std: "docker" "start" "-a" "d45b7ea0bb7593eb096bff13045cf7fb91ea0c3f73961c129f42c7c3bf04136e", kill_on_drop: false }`
[INFO] running `Command { std: "docker" "inspect" "d45b7ea0bb7593eb096bff13045cf7fb91ea0c3f73961c129f42c7c3bf04136e", kill_on_drop: false }`
[INFO] running `Command { std: "docker" "rm" "-f" "d45b7ea0bb7593eb096bff13045cf7fb91ea0c3f73961c129f42c7c3bf04136e", kill_on_drop: false }`
[INFO] [stdout] d45b7ea0bb7593eb096bff13045cf7fb91ea0c3f73961c129f42c7c3bf04136e
[INFO] running `Command { std: "docker" "create" "-v" "/var/lib/crater-agent-workspace/builds/worker-3/target:/opt/rustwide/target:rw,Z" "-v" "/var/lib/crater-agent-workspace/builds/worker-3/source:/opt/rustwide/workdir:ro,Z" "-v" "/var/lib/crater-agent-workspace/cargo-home:/opt/rustwide/cargo-home:ro,Z" "-v" "/var/lib/crater-agent-workspace/rustup-home:/opt/rustwide/rustup-home:ro,Z" "-e" "SOURCE_DIR=/opt/rustwide/workdir" "-e" "CARGO_TARGET_DIR=/opt/rustwide/target" "-e" "CARGO_INCREMENTAL=0" "-e" "RUST_BACKTRACE=full" "-e" "RUSTFLAGS=--cap-lints=forbid" "-e" "CARGO_HOME=/opt/rustwide/cargo-home" "-e" "RUSTUP_HOME=/opt/rustwide/rustup-home" "-w" "/opt/rustwide/workdir" "-m" "1610612736" "--user" "0:0" "--network" "none" "rustops/crates-build-env@sha256:d92eaeed33fa75130ca1ee6c8a01d1ffb62bac859dfdfb3450e3e5d1c0146529" "/opt/rustwide/cargo-home/bin/cargo" "+72f88fc4e9458f89516a0b8b0868f3718aec5b47" "check" "--frozen" "--all" "--all-targets" "--message-format=json", kill_on_drop: false }`
[INFO] [stdout] 481f60ed72a575f02e464d003df161cc45a477e6faed15a5c9302f95dd168565
[INFO] [stderr] WARNING: Your kernel does not support swap limit capabilities or the cgroup is not mounted. Memory limited without swap.
[INFO] running `Command { std: "docker" "start" "-a" "481f60ed72a575f02e464d003df161cc45a477e6faed15a5c9302f95dd168565", kill_on_drop: false }`
[INFO] [stderr]     Blocking waiting for file lock on package cache
[INFO] [stderr]    Compiling syn v1.0.37
[INFO] [stderr]    Compiling serde v1.0.114
[INFO] [stderr]    Compiling schemars v0.7.6
[INFO] [stderr]     Checking base64 v0.11.0
[INFO] [stderr]    Compiling proc-macro2 v1.0.19
[INFO] [stderr]    Compiling quote v1.0.7
[INFO] [stderr]    Compiling serde_derive_internals v0.25.0
[INFO] [stderr]    Compiling serde_derive v1.0.114
[INFO] [stderr]    Compiling snafu-derive v0.6.8
[INFO] [stderr]    Compiling schemars_derive v0.7.6
[INFO] [stderr]     Checking snafu v0.6.8
[INFO] [stderr]     Checking serde_json v1.0.57
[INFO] [stderr]     Checking serde-json-wasm v0.2.1
[INFO] [stderr]     Checking cosmwasm-std v0.9.0-alpha1 (https://github.com/enigmampc/SecretNetwork?tag=v0.5.0-alpha2#b1710787)
[INFO] [stderr]     Checking cosmwasm-storage v0.9.0-alpha1 (https://github.com/enigmampc/SecretNetwork?tag=v0.5.0-alpha2#b1710787)
[INFO] [stderr]     Checking st-test v0.1.0 (/opt/rustwide/workdir)
[INFO] [stdout] error: couldn't read tests/../target/wasm32-unknown-unknown/release/st_test.wasm: No such file or directory (os error 2)
[INFO] [stdout]   --> tests/integration.rs:26:22
[INFO] [stdout]    |
[INFO] [stdout] 26 | static WASM: &[u8] = include_bytes!("../target/wasm32-unknown-unknown/release/st_test.wasm");
[INFO] [stdout]    |                      ^^^^^^^^^^^^^^^^^^^^^^^^^^^^^^^^^^^^^^^^^^^^^^^^^^^^^^^^^^^^^^^^^^^^^^^
[INFO] [stdout]    |
[INFO] [stdout]    = note: this error originates in a macro (in Nightly builds, run with -Z macro-backtrace for more info)
[INFO] [stdout] 
[INFO] [stdout] 
[INFO] [stdout] error[E0433]: failed to resolve: use of undeclared type or module `cosmwasm_vm`
[INFO] [stdout]   --> tests/integration.rs:21:5
[INFO] [stdout]    |
[INFO] [stdout] 21 | use cosmwasm_vm::testing::{handle, init, mock_env, mock_instance, query};
[INFO] [stdout]    |     ^^^^^^^^^^^ use of undeclared type or module `cosmwasm_vm`
[INFO] [stdout] 
[INFO] [stdout] 
[INFO] [stdout] error[E0425]: cannot find function `mock_instance` in this scope
[INFO] [stdout]   --> tests/integration.rs:32:20
[INFO] [stdout]    |
[INFO] [stdout] 32 |     let mut deps = mock_instance(WASM, &[]);
[INFO] [stdout]    |                    ^^^^^^^^^^^^^ not found in this scope
[INFO] [stdout] 
[INFO] [stdout] 
[INFO] [stdout] error[E0425]: cannot find function `mock_env` in this scope
[INFO] [stdout]   --> tests/integration.rs:35:15
[INFO] [stdout]    |
[INFO] [stdout] 35 |     let env = mock_env(&deps.api, "creator", &coins(1000, "earth"));
[INFO] [stdout]    |               ^^^^^^^^ not found in this scope
[INFO] [stdout]    |
[INFO] [stdout] help: consider importing this function
[INFO] [stdout]    |
[INFO] [stdout] 20 | use cosmwasm_std::testing::mock_env;
[INFO] [stdout]    |
[INFO] [stdout] 
[INFO] [stdout] 
[INFO] [stdout] error[E0425]: cannot find function `init` in this scope
[INFO] [stdout]   --> tests/integration.rs:38:29
[INFO] [stdout]    |
[INFO] [stdout] 38 |     let res: InitResponse = init(&mut deps, env, msg).unwrap();
[INFO] [stdout]    |                             ^^^^ not found in this scope
[INFO] [stdout]    |
[INFO] [stdout] help: consider importing this function
[INFO] [stdout]    |
[INFO] [stdout] 20 | use st_test::contract::init;
[INFO] [stdout]    |
[INFO] [stdout] 
[INFO] [stdout] 
[INFO] [stdout] error[E0425]: cannot find function `query` in this scope
[INFO] [stdout]   --> tests/integration.rs:42:15
[INFO] [stdout]    |
[INFO] [stdout] 42 |     let res = query(&mut deps, QueryMsg::GetCount {}).unwrap();
[INFO] [stdout]    |               ^^^^^ not found in this scope
[INFO] [stdout]    |
[INFO] [stdout] help: consider importing this function
[INFO] [stdout]    |
[INFO] [stdout] 20 | use st_test::contract::query;
[INFO] [stdout]    |
[INFO] [stdout] 
[INFO] [stdout] 
[INFO] [stdout] error[E0425]: cannot find function `mock_instance` in this scope
[INFO] [stdout]   --> tests/integration.rs:49:20
[INFO] [stdout]    |
[INFO] [stdout] 49 |     let mut deps = mock_instance(WASM, &coins(2, "token"));
[INFO] [stdout]    |                    ^^^^^^^^^^^^^ not found in this scope
[INFO] [stdout] 
[INFO] [stdout] 
[INFO] [stdout] error[E0425]: cannot find function `mock_env` in this scope
[INFO] [stdout]   --> tests/integration.rs:52:15
[INFO] [stdout]    |
[INFO] [stdout] 52 |     let env = mock_env(&deps.api, "creator", &coins(2, "token"));
[INFO] [stdout]    |               ^^^^^^^^ not found in this scope
[INFO] [stdout]    |
[INFO] [stdout] help: consider importing this function
[INFO] [stdout]    |
[INFO] [stdout] 20 | use cosmwasm_std::testing::mock_env;
[INFO] [stdout]    |
[INFO] [stdout] 
[INFO] [stdout] 
[INFO] [stdout] error[E0425]: cannot find function `init` in this scope
[INFO] [stdout]   --> tests/integration.rs:53:30
[INFO] [stdout]    |
[INFO] [stdout] 53 |     let _res: InitResponse = init(&mut deps, env, msg).unwrap();
[INFO] [stdout]    |                              ^^^^ not found in this scope
[INFO] [stdout]    |
[INFO] [stdout] help: consider importing this function
[INFO] [stdout]    |
[INFO] [stdout] 20 | use st_test::contract::init;
[INFO] [stdout]    |
[INFO] [stdout] 
[INFO] [stdout] 
[INFO] [stdout] error[E0425]: cannot find function `mock_env` in this scope
[INFO] [stdout]   --> tests/integration.rs:56:15
[INFO] [stdout]    |
[INFO] [stdout] 56 |     let env = mock_env(&deps.api, "anyone", &coins(2, "token"));
[INFO] [stdout]    |               ^^^^^^^^ not found in this scope
[INFO] [stdout]    |
[INFO] [stdout] help: consider importing this function
[INFO] [stdout]    |
[INFO] [stdout] 20 | use cosmwasm_std::testing::mock_env;
[INFO] [stdout]    |
[INFO] [stdout] 
[INFO] [stdout] 
[INFO] [stdout] error[E0425]: cannot find function `handle` in this scope
[INFO] [stdout]   --> tests/integration.rs:58:32
[INFO] [stdout]    |
[INFO] [stdout] 58 |     let _res: HandleResponse = handle(&mut deps, env, msg).unwrap();
[INFO] [stdout]    |                                ^^^^^^ not found in this scope
[INFO] [stdout]    |
[INFO] [stdout] help: consider importing this function
[INFO] [stdout]    |
[INFO] [stdout] 20 | use st_test::contract::handle;
[INFO] [stdout]    |
[INFO] [stdout] 
[INFO] [stdout] 
[INFO] [stdout] error[E0425]: cannot find function `query` in this scope
[INFO] [stdout]   --> tests/integration.rs:61:15
[INFO] [stdout]    |
[INFO] [stdout] 61 |     let res = query(&mut deps, QueryMsg::GetCount {}).unwrap();
[INFO] [stdout]    |               ^^^^^ not found in this scope
[INFO] [stdout]    |
[INFO] [stdout] help: consider importing this function
[INFO] [stdout]    |
[INFO] [stdout] 20 | use st_test::contract::query;
[INFO] [stdout]    |
[INFO] [stdout] 
[INFO] [stdout] 
[INFO] [stdout] error[E0425]: cannot find function `mock_instance` in this scope
[INFO] [stdout]   --> tests/integration.rs:68:20
[INFO] [stdout]    |
[INFO] [stdout] 68 |     let mut deps = mock_instance(WASM, &coins(2, "token"));
[INFO] [stdout]    |                    ^^^^^^^^^^^^^ not found in this scope
[INFO] [stdout] 
[INFO] [stdout] 
[INFO] [stdout] error[E0425]: cannot find function `mock_env` in this scope
[INFO] [stdout]   --> tests/integration.rs:71:15
[INFO] [stdout]    |
[INFO] [stdout] 71 |     let env = mock_env(&deps.api, "creator", &coins(2, "token"));
[INFO] [stdout]    |               ^^^^^^^^ not found in this scope
[INFO] [stdout]    |
[INFO] [stdout] help: consider importing this function
[INFO] [stdout]    |
[INFO] [stdout] 20 | use cosmwasm_std::testing::mock_env;
[INFO] [stdout]    |
[INFO] [stdout] 
[INFO] [stdout] 
[INFO] [stdout] error[E0425]: cannot find function `init` in this scope
[INFO] [stdout]   --> tests/integration.rs:72:30
[INFO] [stdout]    |
[INFO] [stdout] 72 |     let _res: InitResponse = init(&mut deps, env, msg).unwrap();
[INFO] [stdout]    |                              ^^^^ not found in this scope
[INFO] [stdout]    |
[INFO] [stdout] help: consider importing this function
[INFO] [stdout]    |
[INFO] [stdout] 20 | use st_test::contract::init;
[INFO] [stdout]    |
[INFO] [stdout] 
[INFO] [stdout] 
[INFO] [stdout] error[E0425]: cannot find function `mock_env` in this scope
[INFO] [stdout]   --> tests/integration.rs:75:22
[INFO] [stdout]    |
[INFO] [stdout] 75 |     let unauth_env = mock_env(&deps.api, "anyone", &coins(2, "token"));
[INFO] [stdout]    |                      ^^^^^^^^ not found in this scope
[INFO] [stdout]    |
[INFO] [stdout] help: consider importing this function
[INFO] [stdout]    |
[INFO] [stdout] 20 | use cosmwasm_std::testing::mock_env;
[INFO] [stdout]    |
[INFO] [stdout] 
[INFO] [stdout] 
[INFO] [stdout] error[E0425]: cannot find function `handle` in this scope
[INFO] [stdout]   --> tests/integration.rs:77:29
[INFO] [stdout]    |
[INFO] [stdout] 77 |     let res: HandleResult = handle(&mut deps, unauth_env, msg);
[INFO] [stdout]    |                             ^^^^^^ not found in this scope
[INFO] [stdout]    |
[INFO] [stdout] help: consider importing this function
[INFO] [stdout]    |
[INFO] [stdout] 20 | use st_test::contract::handle;
[INFO] [stdout]    |
[INFO] [stdout] 
[INFO] [stdout] 
[INFO] [stdout] error[E0425]: cannot find function `mock_env` in this scope
[INFO] [stdout]   --> tests/integration.rs:84:20
[INFO] [stdout]    |
[INFO] [stdout] 84 |     let auth_env = mock_env(&deps.api, "creator", &coins(2, "token"));
[INFO] [stdout]    |                    ^^^^^^^^ not found in this scope
[INFO] [stdout]    |
[INFO] [stdout] help: consider importing this function
[INFO] [stdout]    |
[INFO] [stdout] 20 | use cosmwasm_std::testing::mock_env;
[INFO] [stdout]    |
[INFO] [stdout] 
[INFO] [stdout] 
[INFO] [stdout] error[E0425]: cannot find function `handle` in this scope
[INFO] [stdout]   --> tests/integration.rs:86:32
[INFO] [stdout]    |
[INFO] [stdout] 86 |     let _res: HandleResponse = handle(&mut deps, auth_env, msg).unwrap();
[INFO] [stdout]    |                                ^^^^^^ not found in this scope
[INFO] [stdout]    |
[INFO] [stdout] help: consider importing this function
[INFO] [stdout]    |
[INFO] [stdout] 20 | use st_test::contract::handle;
[INFO] [stdout]    |
[INFO] [stdout] 
[INFO] [stdout] 
[INFO] [stdout] error[E0425]: cannot find function `query` in this scope
[INFO] [stdout]   --> tests/integration.rs:89:15
[INFO] [stdout]    |
[INFO] [stdout] 89 |     let res = query(&mut deps, QueryMsg::GetCount {}).unwrap();
[INFO] [stdout]    |               ^^^^^ not found in this scope
[INFO] [stdout]    |
[INFO] [stdout] help: consider importing this function
[INFO] [stdout]    |
[INFO] [stdout] 20 | use st_test::contract::query;
[INFO] [stdout]    |
[INFO] [stdout] 
[INFO] [stdout] 
[INFO] [stdout] error[E0432]: unresolved import `cosmwasm_schema`
[INFO] [stdout]  --> examples/schema.rs:4:5
[INFO] [stdout]   |
[INFO] [stdout] 4 | use cosmwasm_schema::{export_schema, remove_schemas, schema_for};
[INFO] [stdout]   |     ^^^^^^^^^^^^^^^ use of undeclared type or module `cosmwasm_schema`
[INFO] [stdout] 
[INFO] [stdout] 
[INFO] [stdout] error: cannot determine resolution for the macro `schema_for`
[INFO] [stdout]   --> examples/schema.rs:19:20
[INFO] [stdout]    |
[INFO] [stdout] 19 |     export_schema(&schema_for!(CountResponse), &out_dir);
[INFO] [stdout]    |                    ^^^^^^^^^^
[INFO] [stdout]    |
[INFO] [stdout]    = note: import resolution is stuck, try simplifying macro imports
[INFO] [stdout] 
[INFO] [stdout] 
[INFO] [stdout] error: cannot determine resolution for the macro `schema_for`
[INFO] [stdout]   --> examples/schema.rs:18:20
[INFO] [stdout]    |
[INFO] [stdout] 18 |     export_schema(&schema_for!(State), &out_dir);
[INFO] [stdout]    |                    ^^^^^^^^^^
[INFO] [stdout]    |
[INFO] [stdout]    = note: import resolution is stuck, try simplifying macro imports
[INFO] [stdout] 
[INFO] [stdout] 
[INFO] [stdout] error: cannot determine resolution for the macro `schema_for`
[INFO] [stdout]   --> examples/schema.rs:17:20
[INFO] [stdout]    |
[INFO] [stdout] 17 |     export_schema(&schema_for!(QueryMsg), &out_dir);
[INFO] [stdout]    |                    ^^^^^^^^^^
[INFO] [stdout]    |
[INFO] [stdout]    = note: import resolution is stuck, try simplifying macro imports
[INFO] [stdout] 
[INFO] [stdout] 
[INFO] [stdout] error: cannot determine resolution for the macro `schema_for`
[INFO] [stdout]   --> examples/schema.rs:16:20
[INFO] [stdout]    |
[INFO] [stdout] 16 |     export_schema(&schema_for!(HandleMsg), &out_dir);
[INFO] [stdout]    |                    ^^^^^^^^^^
[INFO] [stdout]    |
[INFO] [stdout]    = note: import resolution is stuck, try simplifying macro imports
[INFO] [stdout] 
[INFO] [stdout] 
[INFO] [stdout] error: cannot determine resolution for the macro `schema_for`
[INFO] [stdout]   --> examples/schema.rs:15:20
[INFO] [stdout]    |
[INFO] [stdout] 15 |     export_schema(&schema_for!(InitMsg), &out_dir);
[INFO] [stdout]    |                    ^^^^^^^^^^
[INFO] [stdout]    |
[INFO] [stdout]    = note: import resolution is stuck, try simplifying macro imports
[INFO] [stdout] 
[INFO] [stdout] 
[INFO] [stdout] warning: unused imports: `CountResponse`, `HandleMsg`, `InitMsg`, `QueryMsg`
[INFO] [stdout]  --> examples/schema.rs:6:20
[INFO] [stdout]   |
[INFO] [stdout] 6 | use st_test::msg::{CountResponse, HandleMsg, InitMsg, QueryMsg};
[INFO] [stdout]   |                    ^^^^^^^^^^^^^  ^^^^^^^^^  ^^^^^^^  ^^^^^^^^
[INFO] [stdout]   |
[INFO] [stdout]   = note: `#[warn(unused_imports)]` on by default
[INFO] [stdout] 
[INFO] [stdout] 
[INFO] [stdout] warning: unused import: `st_test::state::State`
[INFO] [stdout]  --> examples/schema.rs:7:5
[INFO] [stdout]   |
[INFO] [stdout] 7 | use st_test::state::State;
[INFO] [stdout]   |     ^^^^^^^^^^^^^^^^^^^^^
[INFO] [stdout] 
[INFO] [stdout] 
[INFO] [stdout] error: aborting due to 6 previous errors; 2 warnings emitted
[INFO] [stdout] 
[INFO] [stdout] 
[INFO] [stdout] For more information about this error, try `rustc --explain E0432`.
[INFO] [stdout] 
[INFO] [stdout] error: aborting due to 20 previous errors
[INFO] [stdout] 
[INFO] [stdout] 
[INFO] [stdout] Some errors have detailed explanations: E0425, E0433.
[INFO] [stdout] 
[INFO] [stdout] For more information about an error, try `rustc --explain E0425`.
[INFO] [stdout] 
[INFO] [stderr] error: could not compile `st-test`.
[INFO] [stderr] 
[INFO] [stderr] To learn more, run the command again with --verbose.
[INFO] [stderr] warning: build failed, waiting for other jobs to finish...
[INFO] [stderr] error: build failed
[INFO] running `Command { std: "docker" "inspect" "481f60ed72a575f02e464d003df161cc45a477e6faed15a5c9302f95dd168565", kill_on_drop: false }`
[INFO] running `Command { std: "docker" "rm" "-f" "481f60ed72a575f02e464d003df161cc45a477e6faed15a5c9302f95dd168565", kill_on_drop: false }`
[INFO] [stdout] 481f60ed72a575f02e464d003df161cc45a477e6faed15a5c9302f95dd168565
